{"id":2,"date":"2016-05-10T05:48:21","date_gmt":"2016-05-10T03:48:21","guid":{"rendered":"http:\/\/jsg-niedergrafschaft.de\/web\/?page_id=2"},"modified":"2025-04-10T15:05:10","modified_gmt":"2025-04-10T13:05:10","slug":"konzept","status":"publish","type":"page","link":"https:\/\/www.jsg-niedergrafschaft.de\/web\/der-verein\/konzept\/","title":{"rendered":"Unser Konzept"},"content":{"rendered":"\n<p><\/p>\n\n\n\n<p>Die Jugendspielgemeinschaft JSG Niedergrafschaft ist ein, auf Initiative der Fu\u00dfballjugendabteilungen SV Grenzland Laarwald, SV Hoogstede, SC Union Emlichheim und GSV Ringe-Neugnadenfeld zur Saison 2016\/17 durchgef\u00fchrter Zusammenschluss und hat sich zur Aufgabe gemacht, jedem Kind bzw. Jugendlichen eine Sport-und Spielm\u00f6glichkeit in einer Fu\u00dfballmannschaft zu erm\u00f6glichen. Seit der Saison 2020\/21 wird hierauf aufbauend ein eigener Bereich &#8222;JSG Niedergrafschaft Leistungsfu\u00dfball&#8220; mit den F\u00f6rderteams (U12, U13, U15, U17, U19) sportlich und organisatorisch gef\u00fchrt.<\/p>\n\n\n\n<figure class=\"wp-block-image size-large is-style-default\"><img data-recalc-dims=\"1\" loading=\"lazy\" decoding=\"async\" width=\"1024\" height=\"341\" data-attachment-id=\"116\" data-permalink=\"https:\/\/www.jsg-niedergrafschaft.de\/web\/die-jsg\/training-jugend\/\" data-orig-file=\"https:\/\/i0.wp.com\/www.jsg-niedergrafschaft.de\/web\/wp-content\/uploads\/2020\/06\/training-jugend.jpg?fit=1920%2C639&amp;ssl=1\" data-orig-size=\"1920,639\" data-comments-opened=\"1\" data-image-meta=\"{&quot;aperture&quot;:&quot;0&quot;,&quot;credit&quot;:&quot;&quot;,&quot;camera&quot;:&quot;&quot;,&quot;caption&quot;:&quot;&quot;,&quot;created_timestamp&quot;:&quot;0&quot;,&quot;copyright&quot;:&quot;&quot;,&quot;focal_length&quot;:&quot;0&quot;,&quot;iso&quot;:&quot;0&quot;,&quot;shutter_speed&quot;:&quot;0&quot;,&quot;title&quot;:&quot;&quot;,&quot;orientation&quot;:&quot;0&quot;}\" data-image-title=\"training-jugend\" data-image-description=\"\" data-image-caption=\"\" data-large-file=\"https:\/\/i0.wp.com\/www.jsg-niedergrafschaft.de\/web\/wp-content\/uploads\/2020\/06\/training-jugend.jpg?fit=1024%2C341&amp;ssl=1\" src=\"https:\/\/i0.wp.com\/www.jsg-niedergrafschaft.de\/web\/wp-content\/uploads\/2020\/06\/training-jugend.jpg?resize=1024%2C341&#038;ssl=1\" alt=\"\" class=\"wp-image-116\" srcset=\"https:\/\/i0.wp.com\/www.jsg-niedergrafschaft.de\/web\/wp-content\/uploads\/2020\/06\/training-jugend.jpg?resize=1024%2C341&amp;ssl=1 1024w, https:\/\/i0.wp.com\/www.jsg-niedergrafschaft.de\/web\/wp-content\/uploads\/2020\/06\/training-jugend.jpg?resize=300%2C100&amp;ssl=1 300w, https:\/\/i0.wp.com\/www.jsg-niedergrafschaft.de\/web\/wp-content\/uploads\/2020\/06\/training-jugend.jpg?resize=768%2C256&amp;ssl=1 768w, https:\/\/i0.wp.com\/www.jsg-niedergrafschaft.de\/web\/wp-content\/uploads\/2020\/06\/training-jugend.jpg?resize=1536%2C511&amp;ssl=1 1536w, https:\/\/i0.wp.com\/www.jsg-niedergrafschaft.de\/web\/wp-content\/uploads\/2020\/06\/training-jugend.jpg?resize=310%2C103&amp;ssl=1 310w, https:\/\/i0.wp.com\/www.jsg-niedergrafschaft.de\/web\/wp-content\/uploads\/2020\/06\/training-jugend.jpg?resize=60%2C20&amp;ssl=1 60w, https:\/\/i0.wp.com\/www.jsg-niedergrafschaft.de\/web\/wp-content\/uploads\/2020\/06\/training-jugend.jpg?w=1920&amp;ssl=1 1920w\" sizes=\"auto, (max-width: 1024px) 100vw, 1024px\" \/><\/figure>\n\n\n\n<h3 class=\"wp-block-heading\">Ziele<\/h3>\n\n\n\n<ul class=\"wp-block-list\">\n<li>F\u00f6rderung des leistungsorientierten Jugendfu\u00dfball in der Samtgemeinde Emlichheim<\/li>\n\n\n\n<li>Talentf\u00f6rderung<\/li>\n\n\n\n<li>B\u00fcndelung der Kr\u00e4fte und F\u00e4higkeiten der vier Stammvereine<\/li>\n\n\n\n<li>Kontinuit\u00e4t und Nachhaltigkeit durch den Aufbau eines Konzeptes \u201eJugend-Leistungsfu\u00dfball\u201c<\/li>\n<\/ul>\n\n\n\n<h3 class=\"wp-block-heading\">Konzept: \u201eJugend-Leistungsfu\u00dfball\u201c <\/h3>\n\n\n\n<div class=\"wp-block-file aligncenter has-nv-light-bg-background-color has-background\"><a id=\"wp-block-file--media-e8885421-5006-4487-9860-c7abb11977e2\" href=\"https:\/\/www.jsg-niedergrafschaft.de\/web\/wp-content\/uploads\/2025\/04\/JSG-Trainingsphilosophie-2025-April.pdf\" target=\"_blank\" rel=\"noreferrer noopener\"><img data-recalc-dims=\"1\" loading=\"lazy\" decoding=\"async\" width=\"100\" height=\"123\" data-attachment-id=\"5756\" data-permalink=\"https:\/\/www.jsg-niedergrafschaft.de\/web\/aktuell\/euregio-cup-u15\/pdf_file_icon-svg\/\" data-orig-file=\"https:\/\/i0.wp.com\/www.jsg-niedergrafschaft.de\/web\/wp-content\/uploads\/2024\/12\/PDF_file_icon.svg.png?fit=267%2C329&amp;ssl=1\" data-orig-size=\"267,329\" data-comments-opened=\"0\" data-image-meta=\"{&quot;aperture&quot;:&quot;0&quot;,&quot;credit&quot;:&quot;&quot;,&quot;camera&quot;:&quot;&quot;,&quot;caption&quot;:&quot;&quot;,&quot;created_timestamp&quot;:&quot;0&quot;,&quot;copyright&quot;:&quot;&quot;,&quot;focal_length&quot;:&quot;0&quot;,&quot;iso&quot;:&quot;0&quot;,&quot;shutter_speed&quot;:&quot;0&quot;,&quot;title&quot;:&quot;&quot;,&quot;orientation&quot;:&quot;0&quot;}\" data-image-title=\"PDF_file_icon.svg\" data-image-description=\"\" data-image-caption=\"\" data-large-file=\"https:\/\/i0.wp.com\/www.jsg-niedergrafschaft.de\/web\/wp-content\/uploads\/2024\/12\/PDF_file_icon.svg.png?fit=267%2C329&amp;ssl=1\" class=\"wp-image-5756\" style=\"width: 100px;\" src=\"https:\/\/i0.wp.com\/www.jsg-niedergrafschaft.de\/web\/wp-content\/uploads\/2024\/12\/PDF_file_icon.svg.png?resize=100%2C123&#038;ssl=1\" alt=\"\" srcset=\"https:\/\/i0.wp.com\/www.jsg-niedergrafschaft.de\/web\/wp-content\/uploads\/2024\/12\/PDF_file_icon.svg.png?w=267&amp;ssl=1 267w, https:\/\/i0.wp.com\/www.jsg-niedergrafschaft.de\/web\/wp-content\/uploads\/2024\/12\/PDF_file_icon.svg.png?resize=243%2C300&amp;ssl=1 243w\" sizes=\"auto, (max-width: 100px) 100vw, 100px\" \/><\/a><a href=\"https:\/\/www.jsg-niedergrafschaft.de\/web\/wp-content\/uploads\/2025\/04\/JSG-Trainingsphilosophie-2025-April.pdf\" class=\"wp-block-file__button wp-element-button\" download aria-describedby=\"wp-block-file--media-e8885421-5006-4487-9860-c7abb11977e2\">Download &#8222;Trainingsphilosophie&#8220;<\/a><\/div>\n\n\n\n<ul class=\"wp-block-list\">\n<li>Einheitliche Trainingsphilosophie (siehe Download)<\/li>\n\n\n\n<li>Qualifizierte Trainer<\/li>\n\n\n\n<li>\u00dcberfachliche Jugendarbeit (Vorbildfunktion \u2013 auch au\u00dferhalb des Sports)<\/li>\n\n\n\n<li>Gemeinsame Regeln (Verhalten, Einstellung, Eltern)<\/li>\n\n\n\n<li>Gremien (Beirat, Scouting, usw.)<\/li>\n<\/ul>\n\n\n\n<p><\/p>\n","protected":false},"excerpt":{"rendered":"<p>Die Jugendspielgemeinschaft JSG Niedergrafschaft ist ein, auf Initiative der Fu\u00dfballjugendabteilungen SV Grenzland Laarwald, SV Hoogstede, SC Union Emlichheim und GSV Ringe-Neugnadenfeld zur Saison 2016\/17 durchgef\u00fchrter Zusammenschluss und hat sich zur Aufgabe gemacht, jedem Kind bzw. Jugendlichen eine Sport-und Spielm\u00f6glichkeit in einer Fu\u00dfballmannschaft zu erm\u00f6glichen. Seit der Saison 2020\/21 wird hierauf aufbauend ein eigener Bereich &#8222;JSG&hellip;&nbsp;<a href=\"https:\/\/www.jsg-niedergrafschaft.de\/web\/der-verein\/konzept\/\" rel=\"bookmark\">Weiterlesen &raquo;<span class=\"screen-reader-text\">Unser Konzept<\/span><\/a><\/p>\n","protected":false},"author":3,"featured_media":0,"parent":56,"menu_order":0,"comment_status":"closed","ping_status":"open","template":"","meta":{"neve_meta_sidebar":"","neve_meta_container":"","neve_meta_enable_content_width":"off","neve_meta_content_width":0,"neve_meta_title_alignment":"","neve_meta_author_avatar":"","neve_post_elements_order":"","neve_meta_disable_header":"","neve_meta_disable_footer":"","neve_meta_disable_title":"","footnotes":""},"class_list":["post-2","page","type-page","status-publish","hentry"],"jetpack_sharing_enabled":true,"_links":{"self":[{"href":"https:\/\/www.jsg-niedergrafschaft.de\/web\/wp-json\/wp\/v2\/pages\/2","targetHints":{"allow":["GET"]}}],"collection":[{"href":"https:\/\/www.jsg-niedergrafschaft.de\/web\/wp-json\/wp\/v2\/pages"}],"about":[{"href":"https:\/\/www.jsg-niedergrafschaft.de\/web\/wp-json\/wp\/v2\/types\/page"}],"author":[{"embeddable":true,"href":"https:\/\/www.jsg-niedergrafschaft.de\/web\/wp-json\/wp\/v2\/users\/3"}],"replies":[{"embeddable":true,"href":"https:\/\/www.jsg-niedergrafschaft.de\/web\/wp-json\/wp\/v2\/comments?post=2"}],"version-history":[{"count":9,"href":"https:\/\/www.jsg-niedergrafschaft.de\/web\/wp-json\/wp\/v2\/pages\/2\/revisions"}],"predecessor-version":[{"id":6363,"href":"https:\/\/www.jsg-niedergrafschaft.de\/web\/wp-json\/wp\/v2\/pages\/2\/revisions\/6363"}],"up":[{"embeddable":true,"href":"https:\/\/www.jsg-niedergrafschaft.de\/web\/wp-json\/wp\/v2\/pages\/56"}],"wp:attachment":[{"href":"https:\/\/www.jsg-niedergrafschaft.de\/web\/wp-json\/wp\/v2\/media?parent=2"}],"curies":[{"name":"wp","href":"https:\/\/api.w.org\/{rel}","templated":true}]}}