{"id":1503,"date":"2022-10-28T16:16:02","date_gmt":"2022-10-28T14:16:02","guid":{"rendered":"https:\/\/www.jsg-niedergrafschaft.de\/web\/?page_id=1503"},"modified":"2024-06-05T13:47:02","modified_gmt":"2024-06-05T11:47:02","slug":"teilnahmebedingungen","status":"publish","type":"page","link":"https:\/\/www.jsg-niedergrafschaft.de\/web\/teilnahmebedingungen\/","title":{"rendered":"Teilnahmebedingungen"},"content":{"rendered":"\n<h2 class=\"wp-block-heading\"><strong>Rechtliche Hinweise<\/strong><\/h2>\n\n\n\n<p>Teilnahme- und Datenschutzbedingungen zum Gewinnspiel (Tippspiel zur Fu\u00dfball-EM 2024)<\/p>\n\n\n\n<p><br><br><strong>Einf\u00fchrung und Gegenstand dieser Bedingungen<\/strong><br>Zwischen den Teilnehmern des Gewinnspiels und der JSG Niedergrafschaft (im Weiteren \u201eJSG\u201c) gelten die folgenden Teilnahmebedingungen. Mit der Teilnahme am Gewinnspiel werden diese durch die Teilnehmer akzeptiert. Das Gewinnspiel wird in alleiniger Verantwortung der JSG unter Nutzung der Plattform \u201eKicktipp\u201c durchgef\u00fchrt und auf ihrer Homepage sowie auf den sozialen Netzwerken \u201eFacebook\u201c und \u201elnstagram\u201c beworben. Das Gewinnspiel wird von dem Betreiber der Netzwerke (Meta Platforms, Inc., \u201eMeta\u201c) jedoch nicht gesponsert, unterst\u00fctzt oder organisiert. Meta steht nicht als Ansprechpartner f\u00fcr das Gewinnspiel zur Verf\u00fcgung.<\/p>\n\n\n\n<p><br><strong>Regel f\u00fcr die Teilnahme am Gewinnspiel<\/strong><br>Das Tippspiel findet w\u00e4hrend der Fu\u00dfball-EM 2024 statt. Am Gewinnspiel nimmt teil, wer unter www.jsg-niedergrafschaft.de\/web\/tippspiel oder www.kicktipp.de\/jsgniedergrafschaft der Online-Tipprunde beitritt. Die Anmeldung muss bis zum 13.06.2024 um 23.59 Uhr erfolgen.<br>Unter den Teilnehmern werden einige Sachpreise vergeben. Die Ermittlung der Gewinner erfolgt durch Erzielen bestimmter Resultate im Tippspiel. lm Einzelnen ist dies im Kapitel \u201eGewinn, Gewinnanspruch, Benachrichtigung des Gewinners und Versand\u201c beschrieben.<br>Teilnahmeberechtigt sind Spieler der JSG Niedergrafschaft sowie deren Eltern bzw. Erziehungsberechtigte sowie Ehrenamtliche der JSG Niedergrafschaft und alle Freunde von bzw. Interessierte an der JSG Niedergrafschaft, die im Einzugsgebiet der vier Stammvereine der JSG wohnen. <strong>Teilnahme ab 14 Jahren.<\/strong> Zudem beh\u00e4lt sich der Betreiber vor, nach eigenem Ermessen Personen von der Teilnahme auszuschlie\u00dfen, wenn berechtigte Gr\u00fcnde vorliegen.<br>Die JSG beh\u00e4lt sich das Recht vor, nach Beginn des Gewinnspiels Teilnehmer auszuschlie\u00dfen, die das Gewinnspiel und\/oder ihre Gewinnchancen manipulieren. Gleiches gilt f\u00fcr Teilnehmer, die gegen diese Teilnahmebedingungen versto\u00dfen, sittenwidrige Kommentare abgeben oder mit Ihren Kommentaren geltendes Recht verletzen. lm Falle eines Ausschlusses kann der Gewinn auch noch nachtr\u00e4glich aberkannt und zur\u00fcckgefordert werden. Die JSG beh\u00e4lt sich ausdr\u00fccklich vor, das Gewinnspiel ohne vorherige Ank\u00fcndigung und ohne Mitteilung von Gr\u00fcnden zu beenden. Dies gilt insbesondere f\u00fcr jegliche Gr\u00fcnde, die einen planm\u00e4\u00dfigen Ablauf des Gewinnspiels st\u00f6ren oder verhindern w\u00fcrden. Die Teilnahme am Gewinnspiel selbst ist kostenlos mit Ausnahme derjenigen Kosten, die dem Teilnehmer durch die Nutzung seiner Endger\u00e4te entstehen (z.B. Mobilfunkkosten). Mehrfachanmeldungen derselben Person sind nicht gestattet.<\/p>\n\n\n\n<p><br><strong>Gewinn, Gewinnanspruch, Benachrichtigung des Gewinners und Versand<\/strong><br>Als Gewinn werden folgende Preise vergeben: Stand April 2024<\/p>\n\n\n\n<p><strong>Folgende Sachpreise gibt es zu gewinnen<\/strong>:<\/p>\n\n\n\n<ul class=\"wp-block-list\">\n<li>DFB-Trikot von SPORT UND FREIZEIT KAMPS, Uelsen<\/li>\n\n\n\n<li>zwei VIP-Tickets f\u00fcr ein Heimspiel des SV Meppen<\/li>\n\n\n\n<li>eine Sporttasche von SPORT UND FREIZEIT KAMPS, Uelsen<\/li>\n\n\n\n<li>ein Fu\u00dfball von SPORT UND FREIZEIT KAMPS, Uelsen<\/li>\n\n\n\n<li>Pizza-Gutscheine von Efem<\/li>\n\n\n\n<li>Eintrittskarten f\u00fcr Heimspiel des SV Meppen<\/li>\n<\/ul>\n\n\n\n<p>Bei Punktgleichheit entscheidet das Los. Die Gewinner werden per E-Mail benachrichtigt. Mit der Inanspruchnahme des Gewinns verbundene Zusatzkosten gehen zu Lasten des Gewinners. F\u00fcr eine etwaige Versteuerung des Gewinns ist der Gewinner selbst verantwortlich. Der Gewinnanspruch verf\u00e4llt, wenn ein Teilnehmer seinen Gewinn nicht innerhalb einer Frist von 14 Tagen ab der Benachrichtigung bei der JSG Niedergrafschaft abholt. Ein verfallener, ein vom Gewinner nicht entgegengenommener oder ein nicht zustellbarer Gewinn wird grunds\u00e4tzlich nicht erneut vergeben. Der Gewinnspielbetreiber beh\u00e4lt sich jedoch vor, den Gewinn unter den verbleibenden Teilnehmern, die bei der ersten Ermittlung der Gewinner nicht ber\u00fccksichtigt wurden, neu zu vergeben. Die Neuvergabe des Gewinns erfolgt entsprechend diesen Teilnahmebedingungen.<\/p>\n\n\n\n<p>Sollte ein Minderj\u00e4hriger als Gewinner ermittelt werden, erfolgt die Gewinn\u00fcbergabe an den Erziehungsberechtigten beziehungsweise nur mit Einwilligung des Erziehungsberechtigten an den Minderj\u00e4hrigen. Eine Auszahlung des Gewinns in bar, dessen Tausch oder eine \u00dcbertragung auf andere Personen ist nicht m\u00f6glich.<br><\/p>\n\n\n\n<p><strong>Ausschluss der Gew\u00e4hrleistung<\/strong><br>Die JSG weist darauf hin, dass die Verf\u00fcgbarkeit und Funktion der Aktion nicht gew\u00e4hrleistet werden kann. Die Aktion kann insbesondere aufgrund von \u00e4u\u00dferen Umst\u00e4nden und Zw\u00e4ngen beendet oder entfernt werden, ohne dass hieraus Anspr\u00fcche der Teilnehmer gegen\u00fcber der JSG entstehen. Zu den \u00e4u\u00dferen Umst\u00e4nden und Zw\u00e4ngen k\u00f6nnen technische Probleme oder gesetzliche \u00c4nderungen geh\u00f6ren.<\/p>\n\n\n\n<p><br><strong>Haftungseinschr\u00e4nkungen<\/strong><br>Die JSG haftet nicht f\u00fcr Sch\u00e4den, die durch den unsachgem\u00e4\u00dfen Gebrauch des Gewinns entstehen.<\/p>\n\n\n\n<p><br><strong>Datenschutzhinweise<\/strong><br>Es gelten die Datenschutzhinweise der Plattform <a rel=\"noreferrer noopener\" href=\"https:\/\/www.kicktipp.de\/info\/service\/datenschutz\/\" target=\"_blank\">Kicktipp<\/a>. Die folgenden Datenschutzhinweise kl\u00e4ren die Teilnehmer des Gewinnspiels \u00fcber die Verwendung personenbezogener Daten durch die JSG anl\u00e4sslich der Durchf\u00fchrung des Gewinnspiels auf. F\u00fcr die Teilnahme am Gewinnspiel erhebt, verarbeitet und nutzt die JSG als Verantwortlicher gem. Art. 4 Nr. 7 DS-GVO die folgenden Daten der Teilnehmer: <strong>Vor- und Nachname, Anschrift, E-Mail-Adresse und Geburtsdatum, ggf. Erziehungsberechtigter<\/strong><br>Diese Daten werden f\u00fcr die Durchf\u00fchrung des Gewinnspiels verwendet, also f\u00fcr die Erm\u00f6glichung der Teilnahme, die \u00dcberpr\u00fcfung der Teilnahmeberechtigung, die Kommunikation mit den Teilnehmern und die Aussch\u00fcttung des Gewinns (Art. 6 Abs. 1 S. 1 lit. b) DS-GVO). Die Daten der Gewinner werden zur Erf\u00fcllung gesetzlicher Nachweispflichten (z.B. gegen\u00fcber Finanzbeh\u00f6rden) unter Beachtung der hierf\u00fcr geltenden Fristen (6 Jahre) gespeichert. Eine Weitergabe der Daten an Postdienstleister erfolgt, soweit die JSG den Teilnehmern den Gewinn zusenden. Ist der Teilnehmer nicht bereit, die vorstehenden Daten der JSG bereitzustellen, ist eine Teilnahme am Gewinnspiel ausgeschlossen. Die Bereitstellung ist zur Erreichung des Vertragszweckes erforderlich.<\/p>\n\n\n\n<p><br><strong>Rechte auf Auskunft, Sperrung, L\u00f6schung, \u00dcbertragbarkeit, Widerspruch, Beschwerderecht<\/strong><br>Jeder Teilnehmer hat das Recht auf Auskunft \u00fcber seine bei der JSG gespeicherten Daten und die betreffenden Verarbeitungen nach Art. 15 DS-GVO, das Recht auf Berichtigung seiner Daten nach Art. 16 DS-GVO, das Recht auf L\u00f6schung seiner Daten nach Wegfall des Verarbeitungszweckes nach Art. 17 DS-GVO, soweit dieser keine Aufbewahrungspflichten entgegenstehen, das Recht auf Einschr\u00e4nkung der Verarbeitung nach Art. 18 DS-GVO, das Recht auf Widerspruch nach Art. 21 DS-GVO sowie das Recht auf Daten\u00fcbertragbarkeit nach Art. 20 DS-GVO. Dar\u00fcber hinaus besteht ein Beschwerderecht bei einer zust\u00e4ndigen Datenschutzaufsichtsbeh\u00f6rde gem. Art. 77 DS-GVO, wenn ein Teilnehmer der Auffassung ist, dass seine Daten unrechtm\u00e4\u00dfig verarbeitet werden. Bei Fragen und Ausk\u00fcnften zum Schutz seiner personenbezogenen Daten und zur Geltendmachung der vorstehenden Rechte kann sich jeder Teilnehmer jederzeit an unseren Datenschutzbeauftragten unter den oben angegebenen <a rel=\"noreferrer noopener\" href=\"https:\/\/www.jsg-niedergrafschaft.de\/web\/datenschutzerklaerung\" target=\"_blank\">Kontaktdaten<\/a> wenden. Der Antrag auf L\u00f6schung oder Sperrung von personenbezogenen Daten vor Beendigung des Gewinnspiels und Auslosung f\u00fchren zum Wegfall der Teilnahme bzw. zum Gewinnverfall.<\/p>\n\n\n\n<p><br><strong>Salvatorische Klausel<\/strong><br>Sollte eine Bestimmung dieser Teilnahmebedingungen ganz oder teilweise unwirksam sein oder werden, so wird dadurch die G\u00fcltigkeit dieser Teilnahmebedingungen im \u00dcbrigen nicht ber\u00fchrt. Statt der unwirksamen Bestimmung gilt diejenige gesetzlich zul\u00e4ssige Regelung, die dem in der unwirksamen Bestimmung zum Ausdruck gekommenen Sinn und Zweck wirtschaftlich am n\u00e4chsten kommt. Entsprechendes gilt f\u00fcr den Fall des Vorliegens einer Regelungsl\u00fccke in diesen Teilnahmebedingungen.<br><\/p>\n\n\n\n<p><strong>Sonstiges<\/strong><br>Es gilt das Recht der Bundesrepublik Deutschland. Der Rechtsweg ist ausgeschlossen. Sollten einzelne Bestimmungen dieser Teilnahmebedingungen ung\u00fcltig sein oder werden, bleibt die G\u00fcltigkeit der \u00fcbrigen Bestimmungen hiervon unber\u00fchrt.<br><\/p>\n\n\n\n<p><strong>Stand: 23.01.2024<\/strong><\/p>\n","protected":false},"excerpt":{"rendered":"<p>Rechtliche Hinweise Teilnahme- und Datenschutzbedingungen zum Gewinnspiel (Tippspiel zur Fu\u00dfball-EM 2024) Einf\u00fchrung und Gegenstand dieser BedingungenZwischen den Teilnehmern des Gewinnspiels und der JSG Niedergrafschaft (im Weiteren \u201eJSG\u201c) gelten die folgenden Teilnahmebedingungen. Mit der Teilnahme am Gewinnspiel werden diese durch die Teilnehmer akzeptiert. Das Gewinnspiel wird in alleiniger Verantwortung der JSG unter Nutzung der Plattform \u201eKicktipp\u201c&hellip;&nbsp;<a href=\"https:\/\/www.jsg-niedergrafschaft.de\/web\/teilnahmebedingungen\/\" rel=\"bookmark\">Weiterlesen &raquo;<span class=\"screen-reader-text\">Teilnahmebedingungen<\/span><\/a><\/p>\n","protected":false},"author":3,"featured_media":0,"parent":0,"menu_order":0,"comment_status":"closed","ping_status":"closed","template":"","meta":{"neve_meta_sidebar":"full-width","neve_meta_container":"","neve_meta_enable_content_width":"on","neve_meta_content_width":100,"neve_meta_title_alignment":"","neve_meta_author_avatar":"","neve_post_elements_order":"","neve_meta_disable_header":"","neve_meta_disable_footer":"","neve_meta_disable_title":"","footnotes":""},"class_list":["post-1503","page","type-page","status-publish","hentry"],"jetpack_sharing_enabled":true,"_links":{"self":[{"href":"https:\/\/www.jsg-niedergrafschaft.de\/web\/wp-json\/wp\/v2\/pages\/1503","targetHints":{"allow":["GET"]}}],"collection":[{"href":"https:\/\/www.jsg-niedergrafschaft.de\/web\/wp-json\/wp\/v2\/pages"}],"about":[{"href":"https:\/\/www.jsg-niedergrafschaft.de\/web\/wp-json\/wp\/v2\/types\/page"}],"author":[{"embeddable":true,"href":"https:\/\/www.jsg-niedergrafschaft.de\/web\/wp-json\/wp\/v2\/users\/3"}],"replies":[{"embeddable":true,"href":"https:\/\/www.jsg-niedergrafschaft.de\/web\/wp-json\/wp\/v2\/comments?post=1503"}],"version-history":[{"count":16,"href":"https:\/\/www.jsg-niedergrafschaft.de\/web\/wp-json\/wp\/v2\/pages\/1503\/revisions"}],"predecessor-version":[{"id":4842,"href":"https:\/\/www.jsg-niedergrafschaft.de\/web\/wp-json\/wp\/v2\/pages\/1503\/revisions\/4842"}],"wp:attachment":[{"href":"https:\/\/www.jsg-niedergrafschaft.de\/web\/wp-json\/wp\/v2\/media?parent=1503"}],"curies":[{"name":"wp","href":"https:\/\/api.w.org\/{rel}","templated":true}]}}